{"id":28,"date":"2017-05-02T13:46:33","date_gmt":"2017-05-02T11:46:33","guid":{"rendered":"http:\/\/ny.bollnasbatklubb.se\/?page_id=28"},"modified":"2026-02-02T12:25:53","modified_gmt":"2026-02-02T11:25:53","slug":"startsida","status":"publish","type":"page","link":"https:\/\/www.bollnasbatklubb.se\/","title":{"rendered":"Startsida"},"content":{"rendered":"\n<p><\/p>\n\n\n\n<h4 class=\"wp-block-heading has-text-align-center\"><span style=\"color: #3366ff;\"><strong><span style=\"color: #000000;\">V\u00e4lkommen till Bolln\u00e4s B\u00e5tklubb!<\/span><\/strong><\/span><\/h4>\n\n\n\n<p class=\"has-text-align-center\"><strong>\u00c5rsm\u00f6te 15\/4  Tid:19:00 Plats: K\u00e4mpens Hembygdsg\u00e5rd<\/strong><\/p>\n\n\n\n<p class=\"has-text-align-center\"><\/p>\n\n\n\n<p class=\"has-text-align-center has-vivid-red-color has-text-color has-link-color wp-elements-d3d995cf2e63e35500458af32caa3266\"><br><mark style=\"background-color:rgba(0, 0, 0, 0)\" class=\"has-inline-color has-vivid-cyan-blue-color\">kontakter, l\u00e4nkar, bilder, protokoll, mm.<\/mark><\/p>\n\n\n\n<p class=\"has-text-align-center has-vivid-cyan-blue-color has-text-color has-link-color wp-elements-c25f9c7f4e93082a98341be0cbb3b331\"><span style=\"color: #3366ff;\">\u00a0<\/span>Uppdaterad 2026-02-02<\/p>\n","protected":false},"excerpt":{"rendered":"<p>V\u00e4lkommen till Bolln\u00e4s B\u00e5tklubb! \u00c5rsm\u00f6te 15\/4 Tid:19:00 Plats: K\u00e4mpens Hembygdsg\u00e5rd kontakter, l\u00e4nkar, bilder, protokoll, mm. \u00a0Uppdaterad 2026-02-02<\/p>\n","protected":false},"author":2,"featured_media":0,"parent":0,"menu_order":0,"comment_status":"closed","ping_status":"closed","template":"","meta":{"footnotes":""},"class_list":["post-28","page","type-page","status-publish","hentry"],"_links":{"self":[{"href":"https:\/\/www.bollnasbatklubb.se\/index.php?rest_route=\/wp\/v2\/pages\/28","targetHints":{"allow":["GET"]}}],"collection":[{"href":"https:\/\/www.bollnasbatklubb.se\/index.php?rest_route=\/wp\/v2\/pages"}],"about":[{"href":"https:\/\/www.bollnasbatklubb.se\/index.php?rest_route=\/wp\/v2\/types\/page"}],"author":[{"embeddable":true,"href":"https:\/\/www.bollnasbatklubb.se\/index.php?rest_route=\/wp\/v2\/users\/2"}],"replies":[{"embeddable":true,"href":"https:\/\/www.bollnasbatklubb.se\/index.php?rest_route=%2Fwp%2Fv2%2Fcomments&post=28"}],"version-history":[{"count":316,"href":"https:\/\/www.bollnasbatklubb.se\/index.php?rest_route=\/wp\/v2\/pages\/28\/revisions"}],"predecessor-version":[{"id":2286,"href":"https:\/\/www.bollnasbatklubb.se\/index.php?rest_route=\/wp\/v2\/pages\/28\/revisions\/2286"}],"wp:attachment":[{"href":"https:\/\/www.bollnasbatklubb.se\/index.php?rest_route=%2Fwp%2Fv2%2Fmedia&parent=28"}],"curies":[{"name":"wp","href":"https:\/\/api.w.org\/{rel}","templated":true}]}}