{"id":30,"date":"2017-05-02T13:46:33","date_gmt":"2017-05-02T11:46:33","guid":{"rendered":"http:\/\/ny.bollnasbatklubb.se\/?page_id=30"},"modified":"2026-02-02T12:22:36","modified_gmt":"2026-02-02T11:22:36","slug":"kontakta-oss","status":"publish","type":"page","link":"https:\/\/www.bollnasbatklubb.se\/?page_id=30","title":{"rendered":"Kontakt"},"content":{"rendered":"<p><strong>Klubbens Adress:<\/strong><br \/>\nBolln\u00e4s B\u00e5tklubb<br \/>\nH\u00f6kv\u00e4gen 9<br \/>\n821 50 Bolln\u00e4s<\/p>\n<p>Email:\u00a0bollnasbatklubb@gmail.com<br \/>\nBankgiro nr: 632-3265<\/p>\n<p><strong><span style=\"color: #ff0000;\">Ans\u00f6k om medlemskap<span style=\"text-align: left; text-transform: none; text-indent: 0px; letter-spacing: normal; font-family: 'Noto Serif'; font-size: 16px; font-style: normal; font-variant: normal; text-decoration: none; word-spacing: 0px; display: inline !important; white-space: normal; cursor: text; orphans: 2; float: none; -webkit-text-stroke-width: 0px; background-color: #ffffff;\">\u00a0 <\/span><a style=\"color: #ff0000;\" href=\"https:\/\/forms.gle\/5Jytyx8xyHk679nY7\">&gt;&gt;<\/a><\/span><\/strong><\/p>\n<p><span style=\"color: #ff0000;\"><strong>Ans\u00f6k om b\u00e5tplats!<\/strong> \u00a0 <a style=\"color: #ff0000;\" href=\"https:\/\/docs.google.com\/forms\/d\/e\/1FAIpQLSfSGTeT8rTdC7vL-O8LpDWc6MZBHkjCMIup7OcjQn7lm71nkw\/viewform?usp=pp_url\"><strong>\u00a0 &gt;&gt;\u00a0 <\/strong><\/a><\/span><\/p>\n<p>Avgifter mm. finns p\u00e5 <em>Hamnen<\/em> sidan.<\/p>\n<p><strong><span style=\"color: #3366ff; font-size: xx-small;\">Styrelsen\u00a0<\/span><\/strong><\/p>\n<table style=\"height: 880px;\" border=\"0\" width=\"592\" cellspacing=\"5\" align=\"center\">\n<tbody>\n<tr>\n<td width=\"50%\" height=\"91\"><strong>Ordf\u00f6rande: Georg\u00a0Blom<\/strong>Tel: 070-322 93 36E-post: georgeblom@hotmail.com<\/td>\n<td width=\"50%\">\n<div align=\"left\"><b>Hamnchef:<\/b> Tommy Jonsson<\/div>\n<div align=\"left\">Tel: <span style=\"display: inline !important; float: none; background-color: #ffffff; color: #191e23; cursor: text; font-family: 'Noto Serif'; font-size: 16px; font-style: normal; font-variant: normal; font-weight: 400; letter-spacing: normal; orphans: 2; text-align: left; text-decoration: none; text-indent: 0px; text-transform: none; -webkit-text-stroke-width: 0px; white-space: normal; word-spacing: 0px;\">076 029 82 77<\/span><br \/>\nE-post: karltommys@hotmail.com<\/div>\n<\/td>\n<\/tr>\n<tr>\n<td height=\"91\"><strong>Sekreterare: Malin Ren\u00f6f\u00e4lt<\/strong>Tel: 073 813 73 10<\/p>\n<p>E-post: mal.renof@gmail.com<\/td>\n<td><strong>Ledamot:<\/strong> Christer Westman<br \/>\nTel: 070-672 52 09<br \/>\nE-post: c.vestman@hotmail.com<\/td>\n<\/tr>\n<tr>\n<td height=\"69\"><strong>Kass\u00f6r:<\/strong> Per \u00d6sterberg<br \/>\nTel: 070-377 25 57<br \/>\nE-post: bollnasbatklubb@gmail.com<\/td>\n<td><strong>Ledamot:<\/strong> Kenneth M\u00e5rtensson<br \/>\nTel. 070 591 71 38<br \/>\nE-post: kenmart52@gmail.com<\/td>\n<\/tr>\n<tr>\n<td height=\"24\">\n<div align=\"left\"><strong>Ledamot: Milj\u00f6samordnare<\/strong><\/div>\n<div align=\"left\">Per Iljeg\u00e5rd<br \/>\nTel: 070-574 27 19<\/div>\n<div align=\"left\">E-post: per.iljegard@outlook.com<\/div>\n<\/td>\n<td><b>Suppleanter: Berit Enberg-Stobby\u00a0<\/b>Tel: 070 631 54 16<b> <\/b>E-post: berit.stobby@gmail.com<b>\u00a0<\/b><b>Lennart Segerqvist<\/b><\/p>\n<p>Tel: 073 800 88 48<\/p>\n<p>E-post: l.segerqvist@gmail.com<\/td>\n<\/tr>\n<tr>\n<td height=\"47\">\n<div align=\"left\"><strong>Webmaster: <\/strong>Kenneth M\u00e5rtensson<br \/>\nTel. 070 591 71 38<br \/>\nE-post: kenmart52@gmail.com<\/div>\n<\/td>\n<td><strong>Valberedning:<br \/>\n<\/strong>Tony Nordh och Lasse Andersson samt Sven \u00d6stlund som suppleant<\/td>\n<\/tr>\n<tr>\n<td height=\"47\">\u00a0<strong>\u201dBygg och reparationskommitt\u00e9\u201d :<\/strong><br \/>\nSven \u00d6stlund<br \/>\nPer Iljeg\u00e5rd<br \/>\nKenneth M\u00e5rtensson<br \/>\nLennart Segerqvist<\/td>\n<td>Revisorer: Curt Norell och Jan-Olov Stobby samt Christer Modd som suppleant<\/td>\n<\/tr>\n<\/tbody>\n<\/table>\n","protected":false},"excerpt":{"rendered":"<p>Klubbens Adress: Bolln\u00e4s B\u00e5tklubb H\u00f6kv\u00e4gen 9 821 50 Bolln\u00e4s Email:\u00a0bollnasbatklubb@gmail.com Bankgiro nr: 632-3265 Ans\u00f6k om medlemskap\u00a0 &gt;&gt; Ans\u00f6k om b\u00e5tplats! \u00a0 \u00a0 &gt;&gt;\u00a0 Avgifter mm. finns p\u00e5 Hamnen sidan. Styrelsen\u00a0 Ordf\u00f6rande: Georg\u00a0BlomTel: 070-322 93 36E-post: georgeblom@hotmail.com Hamnchef: Tommy Jonsson Tel: 076 029 82 77 E-post: karltommys@hotmail.com Sekreterare: Malin Ren\u00f6f\u00e4ltTel: 073 813 73 10 E-post: mal.renof@gmail.com &hellip; <\/p>\n<p><a href=\"https:\/\/www.bollnasbatklubb.se\/?page_id=30\" class=\"more-link\">Forts\u00e4tt l\u00e4sa <span class=\"screen-reader-text\">Kontakt<\/span><\/a><\/p>\n","protected":false},"author":2,"featured_media":0,"parent":0,"menu_order":0,"comment_status":"closed","ping_status":"closed","template":"","meta":{"footnotes":""},"class_list":["post-30","page","type-page","status-publish","hentry"],"_links":{"self":[{"href":"https:\/\/www.bollnasbatklubb.se\/index.php?rest_route=\/wp\/v2\/pages\/30","targetHints":{"allow":["GET"]}}],"collection":[{"href":"https:\/\/www.bollnasbatklubb.se\/index.php?rest_route=\/wp\/v2\/pages"}],"about":[{"href":"https:\/\/www.bollnasbatklubb.se\/index.php?rest_route=\/wp\/v2\/types\/page"}],"author":[{"embeddable":true,"href":"https:\/\/www.bollnasbatklubb.se\/index.php?rest_route=\/wp\/v2\/users\/2"}],"replies":[{"embeddable":true,"href":"https:\/\/www.bollnasbatklubb.se\/index.php?rest_route=%2Fwp%2Fv2%2Fcomments&post=30"}],"version-history":[{"count":52,"href":"https:\/\/www.bollnasbatklubb.se\/index.php?rest_route=\/wp\/v2\/pages\/30\/revisions"}],"predecessor-version":[{"id":2283,"href":"https:\/\/www.bollnasbatklubb.se\/index.php?rest_route=\/wp\/v2\/pages\/30\/revisions\/2283"}],"wp:attachment":[{"href":"https:\/\/www.bollnasbatklubb.se\/index.php?rest_route=%2Fwp%2Fv2%2Fmedia&parent=30"}],"curies":[{"name":"wp","href":"https:\/\/api.w.org\/{rel}","templated":true}]}}